t r = 76098 - 37258. What is the thousands digit of r?
8
Let h be 0 - 4/(-5) - (-17328)/(-285). What is the units digit of h/24 + 699/6?
4
Let p be (-18)/(-4)*(5 - (-13)/(-3)). Let f(t) = 4*t**2 + t**2 + t - 2*t - 2 + 2*t**3. What is the tens digit of f(p)?
9
Let m(y) = -22*y + 5. Let n be m(2). Let v = n + 92. Suppose 50*r = v*r - 366. What is the tens digit of r?
2
Let u be (1 + -2)*-43 + (-18)/6. What is the units digit of 390 + (104/u - (-2)/5)?
3
Let n be (-3 + (-15)/10)*384/(-9). Let t = 61 + n. What is the tens digit of t?
5
What is the tens digit of (-1 + (2 - 0))/((-79)/316) - -8824?
2
Suppose 5*h + 4*a = 111321, 205 = 2*a + 217. What is the tens digit of h?
6
What is the hundreds digit of 2*(-315024)/(-64)*2/3?
5
Let o(h) = -8*h - 13. Let m be o(-4). Let u(d) = -m*d + 18 + 3 + 4*d + 2. What is the units digit of u(-9)?
8
Let k(q) = -2 - q**3 - 3*q + 14*q**2 + 10*q - 18*q**2 + 3. Let y(n) = n**2 - 8*n + 7. Let g be y(5). What is the hundreds digit of k(g)?
2
What is the tens digit of (-4)/(-3) + 12/(-8) - (-4231226)/876?
3
Let l(f) = 756*f**2 - 13*f - 18. What is the thousands digit of l(7)?
6
Let z(t) = -t**2 + 14*t - 5. Suppose -8*f = -16*f + 32. Suppose 1 = -n + 3*r + 2*r, -40 = -f*n - 2*r. What is the tens digit of z(n)?
4
Suppose -8*i + 11 = -21. What is the tens digit of (i + (-640)/(-24))*(-30)/(-4)?
3
Let v = 60 + -59. Let k(d) = 341*d + 5. What is the hundreds digit of k(v)?
3
Let f(a) = 31*a**3 + 11*a**2 - 97*a - 55. What is the hundreds digit of f(13)?
6
Suppose 69704 = 3*f - c, 663*f + 69694 = 666*f + 4*c. What is the thousands digit of f?
3
Let c(r) = 33*r**3 + 4*r**2 - 3*r. Suppose 10*a - 6 = 8*a. Let j be (a - 1) + -1 + 0. What is the units digit of c(j)?
4
What is the thousands digit of (-888564)/42*-1 + 62/(-217)?
1
Let a(f) = -f**3 + 73*f**2 - 125*f - 183. What is the hundreds digit of a(71)?
0
Suppose 11*u + 5 = 27. What is the tens digit of -2*(-317 + -7)/u?
2
Let y(j) = j**2 - 9*j + 11. Let g be y(9). Let t be g/((-44)/6)*2/1. What is the units digit of (1 + t - -4) + 42?
4
What is the units digit of -35*(-704 - 9) + 24/3?
3
Let t(c) = -8*c + 29. Let h be t(4). Let a = h + 193. What is the tens digit of a?
9
What is the thousands digit of (-4 - 3)/(28/(-16912))?
4
Let u(i) = -35*i + 90. Let w be u(6). Let g = 431 + w. What is the hundreds digit of g?
3
Let d = 4 - 4. Suppose d = 2*n + v - 5, 2*v = -n - n + 6. Suppose 7*x = -n + 597. What is the tens digit of x?
8
Suppose 0 = 3*h - 1923 - 5913. What is the tens digit of h?
1
What is the ten thousands digit of -33065*(50/125)/((-1)/2)?
2
Let b(k) = 51971 - 52001 + 8*k + 17*k. Suppose 5*v = -t - 13, -5*v - 144 + 59 = -5*t. What is the units digit of b(t)?
0
Let r = 64 + 84. Let w = 251 - r. What is the tens digit of w?
0
Suppose 10 = 3*m + 3*v - 170, -m - 5*v + 68 = 0. Let u = m + -40. What is the units digit of (354/u)/(1/6)?
8
Let o be (-642)/(-27) + 5*(-2)/(-45). Let v(j) = -21*j + 19. Let c be v(o). Let h = -268 - c. What is the hundreds digit of h?
2
Suppose -4*t + 232940 = -3*j, 1341*j - 8 = 1339*j. What is the ten thousands digit of t?
5
Suppose -571*m = -573*m - 5*v + 71028, -5*v = -5*m + 177570. What is the ten thousands digit of m?
3
Suppose -26*x + 28 = -12*x. Suppose 0 = -3*r + 3*v - 303, v = -2*r - x*v - 212. Let c = r - -274. What is the hundreds digit of c?
1
Suppose -4 = 6*j - 2*j, 0 = 3*f - 5*j + 127. Let l = f + 44. Suppose 368 = 4*n - 4*w, 5*w + 0*w + 15 = l. What is the tens digit of n?
8
Let v(t) = 186*t**3 - t**2 + 21*t + 33. What is the hundreds digit of v(4)?
0
Let i be 1 - ((-12)/30 - 112/(-5)). What is the hundreds digit of 2/i + 7144/42?
1
Let i(y) = -121*y + 28 + 27 + 116*y. Let d be i(0). Let k = d + -47. What is the units digit of k?
8
Let u = -64 - -376. Let a = -200 + u. Let d = a + -95. What is the tens digit of d?
1
Let c be (8/(48/18))/((-12)/28). What is the hundreds digit of 1139 + ((-16)/3 - c/21)?
1
What is the units digit of (2502/(-15))/((-11)/((-7425)/(-18)))?
5
Let h(n) = 5*n**2 - 6*n + 19. Let x be h(9). Suppose 3*m - 69 - 481 = 5*f, 2*m - 4*f = x. Suppose -5*y + 385 = -m. What is the tens digit of y?
1
Let t(q) = q - 12*q + 36 + 5*q + 8*q. Let k be t(0). Suppose 5*l - 7*l + k = 0. What is the tens digit of l?
1
Let q = 104 + 17. Suppose 4*b - 375 = 5*j, j = b - q + 26. Let m = b - 36. What is the tens digit of m?
6
Let w be 276/6 - (1 - 0)/1. Suppose -g - 3*j = -w, -4*j + 181 = 10*g - 5*g. What is the units digit of g?
3
Suppose 14*g + 876 = 18*g. Suppose -369 = 4*u + g. What is the units digit of u/(-3)*(1 - 0)?
9
Suppose -2598 = 4*g + 2*m, 4*g + 2098 = -5*m - 509. Let q = g - -2106. What is the units digit of q?
8
Suppose -20*b + 65297 = -3*b. Suppose 159 + b = 16*j. What is the tens digit of j?
5
Let s be (-5 - -3)*(-3 - 0/(-2)). What is the tens digit of 25 + ((-2)/s)/((-15)/45)?
2
Let x = 58323 + -24699. What is the hundreds digit of x?
6
What is the units digit of -6 + 11 - (-14 - 378)?
7
Let l(n) = -8244*n**3 + 3*n**2 + 140*n + 138. What is the units digit of l(-1)?
5
Let m be -5 + 3*318/9. Suppose m = v + 11*j - 7*j, v + 5*j - 102 = 0. What is the tens digit of v?
9
Let o = 53205 + -27909. Suppose 25*a - o = -9*a. What is the units digit of a?
4
Let d = -64840 + 108749. What is the units digit of d?
9
Suppose -12*g + 13*g = -p + 6237, 3*p - 18695 = 5*g. What is the thousands digit of p?
6
Suppose -30*m = -563484 + 97674. What is the ten thousands digit of m?
1
Suppose -23534 = -2*f + 3*x - 7367, 20 = 4*x. What is the units digit of f?
1
Suppose 13*d + 5256 = 19*d. Suppose 0 = -10*c + d + 7364. What is the tens digit of c?
2
Let m = 5906 + 8727. What is the hundreds digit of m?
6
Let d = 392 + -235. Let q = -79 + d. What is the tens digit of q?
7
Let g(c) = 604*c**2 + 22*c + 106. What is the ten thousands digit of g(6)?
2
Let o(t) = -6978*t + 4564. What is the hundreds digit of o(-6)?
4
Let x(k) = k**2 + 17*k - 60. Let t be (-8 - (1 + -1))*90/36. Let w be x(t). Suppose -123 - 26 = -y - 3*c, w = 4*y - c - 609. What is the tens digit of y?
5
Let a(b) = 30*b**2 + 85*b - 41. What is the units digit of a(-17)?
4
Let h(u) = -u**3 - 13*u**2 - 28*u - 15. Let g be h(-6). Let s = g - -530. What is the hundreds digit of s?
4
Let c = 26534 - -44525. What is the thousands digit of c?
1
Let w be ((-7)/49)/(2/(-7))*-10. Let r be (-1 - w/5)/(-2). Suppose r = 2*s + 7*s - 1359. What is the units digit of s?
1
What is the thousands digit of (-1)/9 + (17824/24)/(6/319)?
9
Suppose 21*w = 22*w - 54. Suppose -2*m + w = -2*o, -3*m = 3*o - 0*o + 75. Let a = 3 - o. What is the units digit of a?
9
Suppose -3*k + 8 = -2*b, -2*k = -7*k + 3*b + 15. Suppose -8*q + 3*q = -60. What is the units digit of (q + -3)/(k/66)?
9
Suppose 5*h + 3*m - 37 = 53, -85 = -4*h - 5*m. What is the hundreds digit of 4615/h*1 + 2/6?
3
Let q(z) = -17*z + 25*z + 7*z + 65 - 201 + 33*z. What is the hundreds digit of q(5)?
1
Suppose 15*l - 35*l + 100 = 0. Suppose 5*o - 1253 = l*r - 7*r, -3*r = -5*o - 1817. What is the hundreds digit of r?
6
Suppose -182*k + 179*k - 4*f = -39867, -2*k = 5*f - 26592. What is the units digit of k?
1
Suppose 0*w + w = 90. Let f(x) = -x**2 + 63*x + 329. Let b be f(68). Let c = b + w. What is the tens digit of c?
7
Suppose -285978 - 810782 = -28*t. What is the tens digit of t?
7
Suppose 2730 = 831*s - 826*s. Suppose 14*l - o = 18*l - s, 0 = l + o - 135. What is the units digit of l?
7
Let p(u) = -24*u**3 - 63*u**2 + 50*u - 119. Let d(t) = 13*t**3 + 32*t**2 - 25*t + 59. Let y(l) = -11*d(l) - 6*p(l). What is the units digit of y(-27)?
1
Let h(g) = g**2 + 23*g + 98. Let n be h(-18). Let j be 1/(-3) - (-20)/6. Suppose n = -j*y + 29. What is the units digit of y?
7
Suppose 5*k + 5*q = 254394 + 50936, 5*q - 183210 = -3*k. What is the ten thousands digit of k?
6
Let u = 14048 + -6154. What is the thousands digit of u?
7
Suppose -4*u = 4*g - 11108, 2*u - 4*g + 7*g - 5551 = 0. What is the hundreds digit of u?
7
Let w be 5/(5 - 0) - 1. Let m be (w/(-1))/(3 - 4). Suppose 5*b - 5*h - 298 - 237 = m, -3*b - 2*h = -336. What is the units digit of b?
0
Suppose -5*x + 20 = 0, x = r - 0 - 1. Suppose r*u - 10 - 10 = 0. What is the hundreds digit of (-42)/(((u/2)/(-2))/3)?
1
Let m(c) = 5*c**2 + 3*c + 26. Suppose 3*q + 121 = 79. What is the hundreds digit of m(